(-8)?
-5
Let w(m) = 925*m**2 - 47178*m + 165. What is w(51)?
12
Let i(h) = -h**2 + 58*h - 429. Calculate i(11).
88
Let b(u) = -3*u**3 - 632*u**2 + 226*u + 3180. Determine b(-211).
15
Let o(r) = 701*r - 4709. What is o(5)?
-1204
Let n(h) = h**3 + 24*h**2 - 190*h - 5430. Calculate n(-19).
-15
Let t(m) = -m**2 - 19759*m - 98775. Determine t(-5).
-5
Let z(f) = -f**3 - 54*f**2 - 211*f + 1787. Calculate z(-49).
121
Let d(s) = -s**3 - 19*s**2 - 1120*s + 6206. What is d(5)?
6
Let o(z) = 8732*z - 113507. Calculate o(13).
9
Let l(t) = -t**3 + 29*t**2 + 85*t - 3983. Calculate l(27).
-230
Let i(y) = -y**2 - 101*y + 639. What is i(6)?
-3
Let b(q) = -q**3 - q**2 - 239*q - 1958. Give b(-7).
9
Let a(d) = -3*d**3 + 65*d**2 - 104*d + 1533. Calculate a(21).
231
Let n(g) = -12*g**2 - 65*g - 91. What is n(-3)?
-4
Let a(o) = -29567*o + 1655746. What is a(56)?
-6
Let m(y) = 103*y + 3178. Calculate m(-30).
88
Let o(s) = 119857*s + 6951708. Determine o(-58).
2
Let s(m) = -28179*m + 1747106. Calculate s(62).
8
Let x(n) = 35*n**2 - 9614*n + 38422. What is x(4)?
526
Let r(v) = -3*v**2 - 608*v - 6408. Give r(-11).
-83
Let i(g) = -3*g**2 + 93*g + 806. Calculate i(35).
386
Let c(i) = -704*i - 7790. Calculate c(-11).
-46
Let x(v) = 126*v**2 - 7686*v - 232. Calculate x(61).
-232
Let d(k) = -k**2 + 27*k + 815. What is d(57)?
-895
Let v(m) = 2165*m - 192695. Determine v(89).
-10
Let q(x) = -282791*x + 2545112. Give q(9).
-7
Let i(k) = -7*k**3 + 81*k**2 - 70*k - 23. Calculate i(11).
-309
Let a(x) = 17*x**2 - 6011*x + 21335. What is a(350)?
-15
Let l(s) = s**2 + 35*s + 542. Calculate l(-23).
266
Let i(y) = 2*y**3 - 91*y**2 - 2272*y + 243. Determine i(-18).
-9
Let h(m) = 12116*m + 387800. Give h(-32).
88
Let c(u) = -u**3 + 9*u**2 - 171*u + 1007. Calculate c(8).
-297
Let h(a) = -a**3 - 259*a**2 + 2402*a - 2810. Calculate h(-268).
-130
Let q(h) = h**3 + 22*h**2 - 255*h - 4933. What is q(-23)?
403
Let q(t) = -14*t**2 + 74*t + 2514. Calculate q(-11).
6
Let d(r) = -5543*r + 60209. Give d(11).
-764
Let g(c) = 20*c**3 + 398*c**2 - 922*c + 51. What is g(-22)?
7
Let v(c) = 2*c**2 + 1988*c + 136196. What is v(-920)?
36
Let h(b) = -236403*b - 14893382. What is h(-63)?
7
Let f(n) = 84827*n + 424140. Give f(-5).
5
Let b(g) = 8*g**2 - 28*g - 6826. Calculate b(31).
-6
Let z(w) = -w**3 - 7*w**2 + 237*w + 95. Calculate z(13).
-204
Let y(d) = 7*d**3 + 679*d**2 + 2060*d + 199825. What is y(-97)?
5
Let x(k) = 35143*k - 1159702. Determine x(33).
17
Let u(d) = -52*d**2 + 483*d - 88. Determine u(9).
47
Let s(x) = -97*x - 9684. Calculate s(-104).
404
Let o(x) = -1871*x - 5946. Determine o(-3).
-333
Let y(d) = d**3 + 389*d**2 - 49494*d - 1962. Determine y(-490).
-2
Let n(a) = a**3 + 103*a**2 + 1094*a + 196. What is n(-91)?
14
Let y(t) = 771*t - 47003. Give y(62).
799
Let i(g) = -18*g**2 + 639*g - 4720. Give i(25).
5
Let q(o) = -50*o**2 - 12017*o + 7945. Give q(-241).
-8
Let m(l) = 175*l + 23609. Calculate m(-151).
-2816
Let s(k) = 7*k**2 - 1986*k - 4483. What is s(286)?
93
Let c(r) = 1643*r + 1090. Calculate c(0).
1090
Let i(s) = -956320*s - 1912633. What is i(-2)?
7
Let r(s) = -s**2 - 1334*s - 34018. What is r(-26)?
-10
Let o(j) = 71*j - 2008. Calculate o(36).
548
Let k(f) = -1606*f - 607063. What is k(-378)?
5
Let n(r) = r**2 + 30100*r + 4313667. Calculate n(-144).
3
Let p(i) = 2*i**2 + 475*i + 17025. What is p(-193)?
-152
Let u(h) = 704*h + 7985. Give u(-12).
-463
Let x(a) = -a**2 - 151*a - 3077. Determine x(-126).
73
Let w(i) = -13*i**2 - 647*i + 1085. Determine w(-49).
1575
Let q(v) = -296*v**2 - 35*v - 67. Give q(-2).
-1181
Let h(q) = 162*q**2 - 21703*q - 684. What is h(134)?
-14
Let r(x) = 2*x**3 - 31*x**2 - 3088*x + 6290. What is r(2)?
6
Let o(i) = i**3 - 142*i**2 - 1049*i + 806. Determine o(149).
-88
Let k(q) = 155*q**2 + 9940*q + 1219. What is k(-64)?
-61
Let b(u) = 323*u - 2001. What is b(7)?
260
Let i(w) = -1576*w - 12630. Determine i(-8).
-22
Let y(t) = 48611*t + 1166659. Calculate y(-24).
-5
Let h(n) = n**3 - 196*n**2 + 1154*n - 2659. Give h(190).
1
Let q(d) = -9832*d - 58986. What is q(-6)?
6
Let j(s) = 4404*s + 427. Give j(0).
427
Let n(t) = 2*t**3 - 62*t**2 - 494*t - 1440. Determine n(38).
4
Let g(i) = 10*i**3 + 10*i**2 + 68*i + 3. Give g(-4).
-749
Let n(c) = -c**2 + 3879*c - 46398. Give n(12).
6
Let j(z) = z**2 - 4314*z + 392557. Give j(93).
4
Let o(b) = -51946*b + 1194695. What is o(23)?
-63
Let u(s) = 518*s - 5338. Give u(7).
-1712
Let q(h) = -19*h**2 - 2205*h + 13907. Calculate q(6).
-7
Let d(k) = k**2 + 412*k - 12309. Determine d(28).
11
Let o(p) = 9*p**2 + 6*p - 867. What is o(-5)?
-672
Let r(q) = -31*q - 1689. Give r(-48).
-201
Let x(d) = 12534*d + 375991. What is x(-30)?
-29
Let d(x) = -217397*x + 217416. Determine d(1).
19
Let r(q) = q**2 + 5713*q - 299791. Give r(52).
-11
Let j(s) = -8*s**2 - 46*s + 5974. What is j(25)?
-176
Let x(h) = -48*h**2 + 143*h - 802. Give x(6).
-1672
Let k(b) = -b**3 + 146*b**2 + 3091*b + 69471. Determine k(167).
-1
Let d(t) = -371*t + 11579. Calculate d(38).
-2519
Let u(n) = 62532*n + 124894. What is u(-2)?
-170
Let d(q) = -15*q**2 - 269*q + 2. Give d(-20).
-618
Let b(p) = -156441*p + 156426. Determine b(1).
-15
Let f(p) = -p**2 + 103*p - 1123. What is f(12)?
-31
Let m(c) = -605*c**2 - 12802*c - 2012. Determine m(-21).
25
Let k(c) = 2700*c**2 - 24282*c - 175. Calculate k(9).
-13
Let a(b) = b**3 + 14*b**2 + 9*b - 221. What is a(-20)?
-2801
Let z(b) = -6*b**2 + 89*b + 589. What is z(-6)?
-161
Let a(j) = -5047*j + 35638. Determine a(7).
309
Let r(v) = -12470*v - 149631. Give r(-12).
9
Let a(y) = 5*y**3 + 105*y**2 - y - 188. Give a(-21).
-167
Let y(m) = -7653*m - 45876. What is y(-6)?
42
Let c(g) = -2*g**2 + 531*g + 53703. Calculate c(-78).
117
Let c(g) = g**2 + 87*g - 2613. What is c(37)?
1975
Let r(q) = 104*q**2 - 289*q - 290. Give r(4).
218
Let m(s) = s**3 - 14*s**2 - 40*s + 402. Determine m(12).
-366
Let i(q) = -q**3 + 19*q**2 + 270*q - 4925. Calculate i(18).
259
Let s(a) = -320*a**3 - 7041*a**2 - 11*a + 229. What is s(-22)?
-13
Let q(u) = -1260*u - 555662. What is q(-441)?
-2
Let h(z) = 263*z - 4203. What is h(17)?
268
Let l(u) = -u**3 + 94*u**2 - 355*u - 1. Give l(4).
19
Let v(u) = 59*u - 1741. Give v(38).
501
Let o(n) = 9*n**2 + 1202*n - 112462. Determine o(-197).
25
Let f(v) = v**2 + 1633*v + 107663. Calculate f(-69).
-253
Let x(n) = 10336*n + 124058. Calculate x(-12).
26
Let x(g) = 637*g**2 + 16563*g + 14. Determine x(-26).
-12
Let b(v) = 1909*v + 40126. Calculate b(-21).
37
Let q(j) = j**2 + 89*j + 1863. Determine q(-35).
-27
Let b(q) = 129*q - 7363. What is b(35)?
-2848
Let t(x) = -x**2 - 84848*x - 254542. Determine t(-3).
-7
Let j(r) = 9*r**2 - 430*r - 2141. Determine j(53).
350
Let m(l) = -l**3 + 85*l**2 - 827*l + 435. Determine m(74).
-527
Let a(p) = p**3 - 198*p**2 + 9683*p + 1965. Calculate a(109).
3
Let c(g) = 14*g**2 + 50*g + 538. Determine c(-12).
1954
Let q(a) = a**3 - 17*a**2 - 60*a + 460. What is q(-6)?
-8
Let q(i) = i**3 + 113*i**2 - 427*i - 9111. Give q(-116).
53
Let k(c) = -c**3 + 87*c**2 - 1247*c + 288. Determine k(69).
-57
Let m(i) = -29*i**2 - 2167*i + 4341. Determine m(2).
-109
Let q(y) = 13133*y + 380833. Determine q(-29).
-24
Let g(k) = -23168*k - 1135238. What is g(-49)?
-6
Let w(k) = -4743*k + 298830. Determine w(63).
21
Let s(k) = 93*k + 217. Calculate s(-3).
-62
Let q(j) = -16*j**3 + 879*j**2 + 97*j - 2219. Determine q(55).
91
Let s(k) = -29326*k + 204351. Calculate s(7).
-931
Let z(t) = 3669*t + 29321. What is z(-8)?
-31
Let f(p) = -134905*p + 1079230. Give f(8).
-10
Let d(n) = -2*n**2 - 862*n + 13390. Calculate d(-446).
10
Let t(h) = 11*h**3 - 88*h**2 - 57*h + 42. Give t(6).
-1092
Let p(t) = -21*t**2 + 2394*t + 26471. Give p(-11).
-2404
Let i(v) = -3*v**2 - 58322*v + 583500. Calculate i(10).
-20
Let n(q) = 6*q**2 + 1109*q + 49914. Determine n(-108).
126
Let q(n) = 18*n**2 - 1076*n - 2479. Give q(62).
1
Let w(t) = 15*t**3 + 136*t**2 - 39*t + 8. What is w(-9)?
440
Let i(h) = -3510*h - 42121. Give i(-12).
-1
Let b(a) = -1699*a + 39728. Calculate b(24).
-1048
Let l(i) = 79*i**2 - 553*i - 63. Calculate l(7).
-63
Let k(s) = -19*s**3 - 238*s**2 - 315*s + 36. Calculate k(-11).
-8
Let q(h) = -5*h**2 + 63*h + 565. What is q(-11)?
-733
Let a(t) = -10*t**2 + 38*t - 122. Determine a(6).
-254
Let t(b) = -b**2 + 1798*b + 19799. D